 - 173. What is the remainder when k is divided by 15?
14
Let h(a) = -a**3 - 2*a**2 - 27. Calculate the remainder when 9743 is divided by h(-4).
3
Suppose 2*f - 1172 = -14*t + 10*t, -4*f - 16 = 0. Calculate the remainder when t is divided by 147.
1
Calculate the remainder when (-10)/(-140)*25319*4 is divided by 9.
7
Let n(h) = 5*h**3 - 3*h**2 + h - 14. Let f(o) = -o**2 - 14*o - 45. Let g be f(-6). Calculate the remainder when n(g) is divided by 20.
17
Let r be -112 + (-2 - 0/(-5)). Let j be (r/8)/((-5)/60). Let t = 253 - j. What is the remainder when t is divided by 17?
14
What is the remainder when 3323 is divided by ((-34)/4)/((-65)/130) + -10?
5
Let c(j) = -j**3 - j**2 + 372. Let w be c(0). Suppose -d + w = 3*d. Let g = -5949 + 5997. What is the remainder when d is divided by g?
45
Let f be ((-18)/9)/((-6)/129) + 5. Suppose 9*i - 4*i = -3*b + f, -3*i + 22 = -5*b. Calculate the remainder when 100 is divided by i.
1
Let k(j) = -j**3 - 6*j**2 - j + 1. Let m = -57 - -56. Let v be 3*m - (0 - -4). What is the remainder when k(v) is divided by 12?
9
Suppose 0 = -y - 4*y + 160. What is the remainder when (-43)/((-1118)/(-520)) + 79 is divided by y?
27
Suppose 0 = 5*x - 3*h - 90, 2*x - 6*h + 4*h - 32 = 0. What is the remainder when x is divided by (-2)/(-4) - (-1)/(-2) - -11?
10
Let s(h) = 20*h + 1327. Calculate the remainder when 142 is divided by s(-61).
35
Let h(z) = z + 3. Let y be h(-3). Suppose 0 = 6*l - y*l - 126. Calculate the remainder when (-10)/45 + 2614/18 is divided by l.
19
Let t(k) = -28*k + 2. Let y be t(-1). Suppose 0 = -4*z + 3*z + y. Suppose 5*q - 20 = z. What is the remainder when 16 is divided by q?
6
Suppose -5*v - 363 + 880 = -513. What is the remainder when 605 is divided by v?
193
Suppose 530*h - 622*h + 55059 - 11543 = 0. What is the remainder when h is divided by 162?
149
Let w be (-46)/(-22) + (-4)/44. Suppose d + 2*q = 26, w*q + 40 = d + d. What is the remainder when 80 is divided by d?
14
Let c = 139 - 78. Suppose -40*m + 32*m = -3848. Let x = 783 - m. Calculate the remainder when x is divided by c.
58
Let r(q) = 205*q**2 + 9*q + 9. Let b be r(-2). Suppose 306 = -p + 3*p + 3*w, 5*p - 4*w = b. What is the remainder when p is divided by 54?
51
Let u(g) = 4*g + 67. Let s be u(-19). Let j(d) = -2*d**2 - 23*d - 22. Calculate the remainder when j(s) is divided by 11.
1
Let q = -751 + 755. Suppose 2*r - q*r = 4*i - 198, r - 109 = 3*i. What is the remainder when r is divided by 5?
3
Let g(k) = 56*k**2 + 207*k. What is the remainder when 268 is divided by g(-4)?
64
Let l(q) = 52*q - 78. Let x = 190 - 61. Calculate the remainder when x is divided by l(2).
25
Suppose -36 = -2*f + 4*r + 18, 3*r = 6. Suppose -2*x - 104 = -5*i, -i - 5*x + 70 = 3*i. Let n = i + -4. What is the remainder when f is divided by n?
15
Let r(l) = -l + 7. Let q be r(5). Let m(k) = 15 + 22 + 31 - 25 + q*k. Calculate the remainder when 16 is divided by m(-20).
1
Suppose -5*z - 5*m = 114 - 204, z = 2*m. What is the remainder when 1035 is divided by z?
3
Suppose 59*l - 58*l - 595 = -3*d, 3*d = -2*l + 590. What is the remainder when d is divided by 4?
0
Suppose 3*q - 367 = -2*b, 4*b + 4*q - 1703 + 963 = 0. Calculate the remainder when b is divided by 120.
68
Let z(w) = -w**3 - 4*w**2 - 3*w + 7. Let t = 1592 - 1566. What is the remainder when z(-6) is divided by t?
19
Let g = -2280 + 2486. What is the remainder when g is divided by 25?
6
Suppose -4*m - 3*t = -535 - 594, -m + t + 270 = 0. What is the remainder when 1047 is divided by m?
216
Suppose 35*p - 6411 = 904. Calculate the remainder when 403 is divided by p.
194
Calculate the remainder when (-5 - -7)*-3 + (3 - (-3181 - -4)) is divided by 1055.
9
Let d = 518 + -168. Suppose -13*s + d + 183 = 0. What is the remainder when s is divided by (-2)/(1 - (-69)/(-63))?
20
Suppose 5*m - 1065 = -5*c, 0 = 4*m - 6*c + 3*c - 838. Let u = 224 - m. Calculate the remainder when 282 is divided by u.
9
Let p = 4 - -3. Let u be -4 + p*3/3. Suppose -u*x + x + 12 = 0. Calculate the remainder when 22 is divided by x.
4
Let j(s) = s**2 + s - 5. Let c(p) = 2*p**2 - 24*p + 5. Let n be c(12). Suppose -20*i = -n*i - 2265. Calculate the remainder when i is divided by j(-8).
49
Let o be 4804/(-8) + 5 + 1/2. Let t = 598 + o. Calculate the remainder when 35 is divided by t.
2
Suppose 7*m - 3472 = -4*q + 5*m, 5*q + 3*m = 4340. What is the remainder when q is divided by 859?
9
Let n(t) = t**2 - 9*t + 6. Calculate the remainder when ((-2 + -4)/(-2))/(11611/680 + -17) is divided by n(9).
4
Suppose 2*h + 3*t - 50 = 0, -23*h - t + 54 = -21*h. Suppose 4*f + h - 80 = 0. What is the remainder when 25 is divided by f?
12
Suppose 4*c = 3*n - 291, 0 = -3*n + 286*c - 283*c + 297. Calculate the remainder when 749 is divided by n.
14
Let d be -7 - -1*(0 + 1). Let l(p) = 1540*p**3 + 5*p**2 + 0*p - 1539*p**3 + 13 - 7*p. Calculate the remainder when 75 is divided by l(d).
18
Let j(h) = 70*h + 32. What is the remainder when j(5) is divided by 8?
6
Suppose -4*q = 3 - 11, 0 = -r - 5*q + 19. Suppose -182 = -r*w - 74. Calculate the remainder when (-15 - 31)*2/(-4) is divided by w.
11
Let v(b) = 38*b**3 - 3*b**2 - 11*b - 2. Calculate the remainder when v(5) is divided by 140.
138
Suppose -4*f + 1535 = 155. Suppose f*p = 351*p - 804. What is the remainder when p is divided by 27?
26
Let j(v) = v**3 - 10*v**2 - 25*v + 13. Let c be j(11). Let u = 158 + c. Calculate the remainder when 65 is divided by u.
14
Let j = 11 - -27. Suppose -7*o + 39 + j = 0. Suppose 0 = -4*a + o*a - 833. Calculate the remainder when a is divided by 31.
26
Let b(i) = i**3 + 28*i**2 - i - 3. Let z be (-120)/(-24) - (31 + (-2)/(-1)). What is the remainder when (-986)/(-10) - (-4)/10 is divided by b(z)?
24
Let f = -13366 + 15239. Calculate the remainder when f is divided by 213.
169
Suppose -2*d - 2*p - 5 = -59, -74 = -2*d + 3*p. Calculate the remainder when d is divided by 5.
1
Suppose 70*b - 74*b + 472 = 0. Let o = 138 - b. What is the remainder when 63 is divided by o?
3
Calculate the remainder when (-3264)/(-13) + (-3)/39 is divided by 119.
13
Suppose x = -5*q + 5, 4*x + 5*q - 40 = 10. Let u(v) = -v**3 - 4*v**2 + 41*v + 159. What is the remainder when u(-8) is divided by x?
12
Let k(v) = -73*v + 605. Suppose 4*j = r - 42 + 4, r - 62 = -2*j. What is the remainder when r is divided by k(8)?
12
Suppose 3*o = 216 + 33. What is the remainder when 231 is divided by o?
65
Let m(i) = -i**3 - 38*i**2 - 111*i - 162. What is the remainder when 221 + 14 - 1*4 is divided by m(-35)?
39
Let r(o) = -51*o + 1185. What is the remainder when r(21) is divided by 38?
0
Let r(g) be the third derivative of -g**4/12 - g**3/6 - g**2. Let f = -387283 + 387316. What is the remainder when f is divided by r(-4)?
5
Let f(b) = b**2 - 11*b - 14. Let y be ((-6)/(-21))/((-1)/(-42)). Calculate the remainder when f(14) is divided by y - (10 + -4 - 10).
12
Let o = 482 - 345. Calculate the remainder when o is divided by 37.
26
Let x(m) = m**3 + 49*m**2 + 361*m - 95. What is the remainder when x(-26) is divided by 41?
40
Let z = -361 - -1156. Let b = z + -773. Calculate the remainder when 98 is divided by b.
10
Let y(n) = 11*n**2 + 18*n - 76. Let j be y(5). Let f = j - 278. What is the remainder when f is divided by 4?
3
Let x(b) = -b**2 + 10*b + 1115. What is the remainder when x(-26) is divided by 20?
19
Let d(g) = 5*g**2 - 93*g + 324. What is the remainder when 806 is divided by d(18)?
266
Let r(j) = 2*j**3 - 70*j**2 + 592*j - 13. Calculate the remainder when r(10) is divided by 28.
11
Let h(m) = -14 - m - m + 3*m - 17. Let a be h(27). What is the remainder when 59 is divided by -2*15*a/8?
14
Let w(g) = -2*g**2 + 23*g - 29. What is the remainder when 1629 is divided by w(7)?
31
Let a = -106 - -18. Let c = -83 - a. Suppose -723 = -5*d + 4*m - m, -2*d + c*m = -293. Calculate the remainder when d is divided by 49.
46
Let g = 727 + -715. Suppose g*y + 36 = 120. What is the remainder when 25 is divided by y?
4
Let a = 171 - 199. Let d(g) = 4*g + 141. What is the remainder when 228 is divided by d(a)?
25
Let n(y) = -35 - y**2 - 39 + 33*y - y + 17. Let u be n(30). Suppose -s - 3*w + 34 = 0, u*w = -s - 4*s + 170. Calculate the remainder when s is divided by 6.
4
Suppose -4*q = 4*t - 52, -4*q + 8*q = 5*t + 25. Suppose 0 = -q*p + 